{"id":310,"date":"2020-12-07T11:31:02","date_gmt":"2020-12-07T10:31:02","guid":{"rendered":"http:\/\/francoisedoz-psychotherapie.fr\/?page_id=310"},"modified":"2025-10-19T17:06:46","modified_gmt":"2025-10-19T15:06:46","slug":"mes-formations","status":"publish","type":"page","link":"https:\/\/francoisedoz-psychotherapie.fr\/?page_id=310","title":{"rendered":"mes formations"},"content":{"rendered":"<div data-colibri-id=\"310-c1\" class=\"style-286 style-local-310-c1 position-relative\">\n  <!---->\n  <div data-colibri-component=\"section\" data-colibri-id=\"310-c2\" id=\"initial-content\" class=\"h-section h-section-global-spacing d-flex align-items-lg-center align-items-md-center align-items-center style-287 style-local-310-c2 position-relative\">\n    <!---->\n    <!---->\n    <div class=\"h-section-grid-container h-section-boxed-container\">\n      <!---->\n      <div data-colibri-id=\"310-c3\" class=\"h-row-container gutters-row-lg-2 gutters-row-md-2 gutters-row-0 gutters-row-v-lg-2 gutters-row-v-md-2 gutters-row-v-2 style-288 style-local-310-c3 position-relative\">\n        <!---->\n        <div class=\"h-row justify-content-lg-center justify-content-md-center justify-content-center align-items-lg-stretch align-items-md-stretch align-items-stretch gutters-col-lg-2 gutters-col-md-2 gutters-col-0 gutters-col-v-lg-2 gutters-col-v-md-2 gutters-col-v-2\">\n          <!---->\n          <div class=\"h-column h-column-container d-flex h-col-lg-auto h-col-md-auto h-col-auto style-289-outer style-local-310-c4-outer\">\n            <div data-colibri-id=\"310-c4\" class=\"d-flex h-flex-basis h-column__inner h-px-lg-2 h-px-md-2 h-px-2 v-inner-lg-2 v-inner-md-2 v-inner-2 style-289 style-local-310-c4 position-relative\">\n              <!---->\n              <!---->\n              <div class=\"w-100 h-y-container h-column__content h-column__v-align flex-basis-100 align-self-lg-start align-self-md-start align-self-start\">\n                <!---->\n                <div data-colibri-id=\"310-c5\" class=\"h-text h-text-component style-432 style-local-310-c5 position-relative h-element\">\n                  <!---->\n                  <!---->\n                  <div class=\"\">\n                    <p>\n                      <u>Mes r\u00e9f\u00e9rences et formations&nbsp;:<\/u>\n                    <\/p>\n                    <p>-Psychoth\u00e9rapie personnelle longue et approfondie, psychoth\u00e9rapie de groupe.<\/p>\n                    <p>-Formation (th\u00e9orique, m\u00e9thodologique et pratique) de 6 ans \u00e0 la Gestalt Th\u00e9rapie par l\u2019institut Grefor de Grenoble, (affili\u00e9 \u00e0 l\u2019Affop ).<\/p>\n                    <p>-Engagement dans une supervision permanente.<\/p>\n                    <p>-Engagement dans la formation continue.<\/p>\n                    <p>-Affiliation \u00e0 une organisation professionnelle dot\u00e9e d\u2019une commission et d\u2019un code d&rsquo;\u00e9thique et de d\u00e9ontologie auxquels les personnes accompagn\u00e9es peuvent avoir recours si besoin.<\/p>\n                    <p>-Formation post professionnelle \u00e0 l\u2019accompagnement de l\u2019abus, les traumatismes et la maltraitance.<\/p>\n                    <p>Voir&nbsp;:\n                      <a href=\"https:\/\/www.resilience-k.fr\" style=\"color: rgb(109, 109, 109);\">\n                        <u>https:\/\/www.resilience-k.fr\/<\/u>\n                      <\/a>\n                    <\/p>\n                    <p>-Animation de groupe de paroles autour du deuil avec l\u2019association JALMALV (Jusqu\u2019\u00e0 la mort accompagner la vie) , et approche de l\u2019accompagnement de la fin de vie.<\/p>\n                    <p>-Initi\u00e9e \u00e0 la m\u00e9ditation de pleine pr\u00e9sence, lors de diff\u00e9rents stages.<\/p>\n                    <p><span style=\"font-family: Arial;\">-Pratique depuis plus de 15 ans du yoga, tai chi, qi qong.<\/span><\/p>\n                    <p>\n                      <br>\n                    <\/p>\n                  <\/div>\n                <\/div>\n              <\/div>\n            <\/div>\n          <\/div>\n          <div class=\"h-column h-column-container d-flex h-col-lg-auto h-col-md-auto h-col-auto style-291-outer style-local-310-c6-outer\">\n            <div data-colibri-id=\"310-c6\" class=\"d-flex h-flex-basis h-column__inner h-px-lg-2 h-px-md-2 h-px-2 v-inner-lg-2 v-inner-md-2 v-inner-2 style-291 style-local-310-c6 position-relative\">\n              <!---->\n              <!---->\n              <div class=\"w-100 h-y-container h-column__content h-column__v-align flex-basis-100 align-self-lg-start align-self-md-start align-self-start\">\n                <!---->\n                <div data-colibri-id=\"310-c7\" class=\"d-block style-292 style-local-310-c7 position-relative h-element\">\n                  <!---->\n                  <div class=\"h-image__frame-container-outer\">\n                    <div class=\"h-image__frame-container\">\n                      <!---->\n                      <!---->\n                      <img loading=\"lazy\" decoding=\"async\" width=\"1708\" height=\"1707\" src=\"http:\/\/francoisedoz-psychotherapie.fr\/wp-content\/uploads\/2020\/12\/cropped-photo-fleurs-de-cerisier-scaled-2.jpg\" class=\"wp-image-322 style-292-image style-local-310-c7-image\" alt=\"\" srcset=\"https:\/\/francoisedoz-psychotherapie.fr\/wp-content\/uploads\/2020\/12\/cropped-photo-fleurs-de-cerisier-scaled-2.jpg 1708w, https:\/\/francoisedoz-psychotherapie.fr\/wp-content\/uploads\/2020\/12\/cropped-photo-fleurs-de-cerisier-scaled-2-300x300.jpg 300w, https:\/\/francoisedoz-psychotherapie.fr\/wp-content\/uploads\/2020\/12\/cropped-photo-fleurs-de-cerisier-scaled-2-1024x1024.jpg 1024w, https:\/\/francoisedoz-psychotherapie.fr\/wp-content\/uploads\/2020\/12\/cropped-photo-fleurs-de-cerisier-scaled-2-150x150.jpg 150w, https:\/\/francoisedoz-psychotherapie.fr\/wp-content\/uploads\/2020\/12\/cropped-photo-fleurs-de-cerisier-scaled-2-768x768.jpg 768w, https:\/\/francoisedoz-psychotherapie.fr\/wp-content\/uploads\/2020\/12\/cropped-photo-fleurs-de-cerisier-scaled-2-1536x1536.jpg 1536w\" sizes=\"auto, (max-width: 1708px) 100vw, 1708px\" \/>\n                      <div class=\"h-image__frame h-hide-lg h-hide-md h-hide-sm style-292-frameImage style-local-310-c7-frameImage\"><\/div>\n                    <\/div>\n                  <\/div>\n                <\/div>\n              <\/div>\n            <\/div>\n          <\/div>\n          <div class=\"h-column h-column-container d-flex h-col-lg-auto h-col-md-auto h-col-auto style-297-outer style-local-310-c8-outer\">\n            <div data-colibri-id=\"310-c8\" class=\"d-flex h-flex-basis h-column__inner h-px-lg-2 h-px-md-2 h-px-2 v-inner-lg-2 v-inner-md-2 v-inner-2 style-297 style-local-310-c8 position-relative\">\n              <!---->\n              <!---->\n              <div class=\"w-100 h-y-container h-column__content h-column__v-align flex-basis-100 align-self-lg-start align-self-md-start align-self-start\">\n                <!---->\n                <div data-colibri-id=\"310-c9\" class=\"d-flex align-items-center text-lg-center text-md-center text-center justify-content-lg-center justify-content-md-center justify-content-center style-298 style-local-310-c9 position-relative h-element\">\n                  <!---->\n                  <a rel=\"home\" href=\"https:\/\/francoisedoz-psychotherapie.fr\/\" h-use-smooth-scroll=\"true\" class=\"d-flex align-items-center\"><span class=\"h-logo__text h-logo__text_h logo-text d-inline-block style-298-text style-local-310-c9-text\">Fran\u00e7oise Doz gestalt th\u00e9rapeute, Cabinet de psychoth\u00e9rapie, individuel-groupe<\/span><\/a>\n                <\/div>\n              <\/div>\n            <\/div>\n          <\/div>\n        <\/div>\n      <\/div>\n    <\/div>\n  <\/div>\n  <div data-colibri-component=\"section\" data-colibri-id=\"310-c10\" id=\"custom\" class=\"h-section h-section-global-spacing d-flex align-items-lg-center align-items-md-center align-items-center style-293 style-local-310-c10 position-relative\">\n    <!---->\n    <!---->\n    <div class=\"h-section-grid-container h-section-boxed-container\">\n      <!---->\n      <div data-colibri-id=\"310-c11\" class=\"h-row-container gutters-row-lg-2 gutters-row-md-2 gutters-row-0 gutters-row-v-lg-2 gutters-row-v-md-2 gutters-row-v-2 style-294 style-local-310-c11 position-relative\">\n        <!---->\n        <div class=\"h-row justify-content-lg-center justify-content-md-center justify-content-center align-items-lg-stretch align-items-md-stretch align-items-stretch gutters-col-lg-2 gutters-col-md-2 gutters-col-0 gutters-col-v-lg-2 gutters-col-v-md-2 gutters-col-v-2\">\n          <!---->\n          <div class=\"h-column h-column-container d-flex h-col-lg-auto h-col-md-auto h-col-auto style-295-outer style-local-310-c12-outer\">\n            <div data-colibri-id=\"310-c12\" class=\"d-flex h-flex-basis h-column__inner h-ui-empty-state-container h-px-lg-2 h-px-md-2 h-px-2 v-inner-lg-2 v-inner-md-2 v-inner-2 style-295 style-local-310-c12 position-relative\">\n              <!---->\n              <!---->\n              <div class=\"w-100 h-y-container h-column__content h-column__v-align flex-basis-100\">\n                <!---->\n              <\/div>\n            <\/div>\n          <\/div>\n          <div class=\"h-column h-column-container d-flex h-col-lg-auto h-col-md-auto h-col-auto style-296-outer style-local-310-c13-outer\">\n            <div data-colibri-id=\"310-c13\" class=\"d-flex h-flex-basis h-column__inner h-ui-empty-state-container h-px-lg-2 h-px-md-2 h-px-2 v-inner-lg-2 v-inner-md-2 v-inner-2 style-296 style-local-310-c13 position-relative\">\n              <!---->\n              <!---->\n              <div class=\"w-100 h-y-container h-column__content h-column__v-align flex-basis-100\">\n                <!---->\n              <\/div>\n            <\/div>\n          <\/div>\n        <\/div>\n      <\/div>\n    <\/div>\n  <\/div>\n<\/div>","protected":false},"excerpt":{"rendered":"<p>Mes r\u00e9f\u00e9rences et formations&nbsp;: -Psychoth\u00e9rapie personnelle longue et approfondie, psychoth\u00e9rapie de groupe. -Formation (th\u00e9orique, m\u00e9thodologique et pratique) de 6 ans \u00e0 la Gestalt Th\u00e9rapie par l\u2019institut Grefor de Grenoble, (affili\u00e9 \u00e0 l\u2019Affop ). -Engagement dans une supervision permanente. -Engagement dans la formation continue. -Affiliation \u00e0 une organisation professionnelle dot\u00e9e d\u2019une commission et d\u2019un code d&rsquo;\u00e9thique [&hellip;]<\/p>\n","protected":false},"author":1,"featured_media":0,"parent":0,"menu_order":0,"comment_status":"closed","ping_status":"closed","template":"page-templates\/full-width-page.php","meta":{"footnotes":""},"class_list":["post-310","page","type-page","status-publish","hentry"],"_links":{"self":[{"href":"https:\/\/francoisedoz-psychotherapie.fr\/index.php?rest_route=\/wp\/v2\/pages\/310","targetHints":{"allow":["GET"]}}],"collection":[{"href":"https:\/\/francoisedoz-psychotherapie.fr\/index.php?rest_route=\/wp\/v2\/pages"}],"about":[{"href":"https:\/\/francoisedoz-psychotherapie.fr\/index.php?rest_route=\/wp\/v2\/types\/page"}],"author":[{"embeddable":true,"href":"https:\/\/francoisedoz-psychotherapie.fr\/index.php?rest_route=\/wp\/v2\/users\/1"}],"replies":[{"embeddable":true,"href":"https:\/\/francoisedoz-psychotherapie.fr\/index.php?rest_route=%2Fwp%2Fv2%2Fcomments&post=310"}],"version-history":[{"count":5,"href":"https:\/\/francoisedoz-psychotherapie.fr\/index.php?rest_route=\/wp\/v2\/pages\/310\/revisions"}],"predecessor-version":[{"id":1519,"href":"https:\/\/francoisedoz-psychotherapie.fr\/index.php?rest_route=\/wp\/v2\/pages\/310\/revisions\/1519"}],"wp:attachment":[{"href":"https:\/\/francoisedoz-psychotherapie.fr\/index.php?rest_route=%2Fwp%2Fv2%2Fmedia&parent=310"}],"curies":[{"name":"wp","href":"https:\/\/api.w.org\/{rel}","templated":true}]}}

<div data-colibri-id="310-c1" class="style-286 style-local-310-c1 position-relative">
  <!---->
  <div data-colibri-component="section" data-colibri-id="310-c2" id="initial-content" class="h-section h-section-global-spacing d-flex align-items-lg-center align-items-md-center align-items-center style-287 style-local-310-c2 position-relative">
    <!---->
    <!---->
    <div class="h-section-grid-container h-section-boxed-container">
      <!---->
      <div data-colibri-id="310-c3" class="h-row-container gutters-row-lg-2 gutters-row-md-2 gutters-row-0 gutters-row-v-lg-2 gutters-row-v-md-2 gutters-row-v-2 style-288 style-local-310-c3 position-relative">
        <!---->
        <div class="h-row justify-content-lg-center justify-content-md-center justify-content-center align-items-lg-stretch align-items-md-stretch align-items-stretch gutters-col-lg-2 gutters-col-md-2 gutters-col-0 gutters-col-v-lg-2 gutters-col-v-md-2 gutters-col-v-2">
          <!---->
          <div class="h-column h-column-container d-flex h-col-lg-auto h-col-md-auto h-col-auto style-289-outer style-local-310-c4-outer">
            <div data-colibri-id="310-c4" class="d-flex h-flex-basis h-column__inner h-px-lg-2 h-px-md-2 h-px-2 v-inner-lg-2 v-inner-md-2 v-inner-2 style-289 style-local-310-c4 position-relative">
              <!---->
              <!---->
              <div class="w-100 h-y-container h-column__content h-column__v-align flex-basis-100 align-self-lg-start align-self-md-start align-self-start">
                <!---->
                <div data-colibri-id="310-c5" class="h-text h-text-component style-432 style-local-310-c5 position-relative h-element">
                  <!---->
                  <!---->
                  <div class="">
                    <p>
                      <u>Mes références et formations&nbsp;:</u>
                    </p>
                    <p>-Psychothérapie personnelle longue et approfondie, psychothérapie de groupe.</p>
                    <p>-Formation (théorique, méthodologique et pratique) de 6 ans à la Gestalt Thérapie par l’institut Grefor de Grenoble, (affilié à l’Affop ).</p>
                    <p>-Engagement dans une supervision permanente.</p>
                    <p>-Engagement dans la formation continue.</p>
                    <p>-Affiliation à une organisation professionnelle dotée d’une commission et d’un code d&rsquo;éthique et de déontologie auxquels les personnes accompagnées peuvent avoir recours si besoin.</p>
                    <p>-Formation post professionnelle à l’accompagnement de l’abus, les traumatismes et la maltraitance.</p>
                    <p>Voir&nbsp;:
                      <a href="https://www.resilience-k.fr" style="color: rgb(109, 109, 109);">
                        <u>https://www.resilience-k.fr/</u>
                      </a>
                    </p>
                    <p>-Animation de groupe de paroles autour du deuil avec l’association JALMALV (Jusqu’à la mort accompagner la vie) , et approche de l’accompagnement de la fin de vie.</p>
                    <p>-Initiée à la méditation de pleine présence, lors de différents stages.</p>
                    <p><span style="font-family: Arial;">-Pratique depuis plus de 15 ans du yoga, tai chi, qi qong.</span></p>
                    <p>
                      <br>
                    </p>
                  </div>
                </div>
              </div>
            </div>
          </div>
          <div class="h-column h-column-container d-flex h-col-lg-auto h-col-md-auto h-col-auto style-291-outer style-local-310-c6-outer">
            <div data-colibri-id="310-c6" class="d-flex h-flex-basis h-column__inner h-px-lg-2 h-px-md-2 h-px-2 v-inner-lg-2 v-inner-md-2 v-inner-2 style-291 style-local-310-c6 position-relative">
              <!---->
              <!---->
              <div class="w-100 h-y-container h-column__content h-column__v-align flex-basis-100 align-self-lg-start align-self-md-start align-self-start">
                <!---->
                <div data-colibri-id="310-c7" class="d-block style-292 style-local-310-c7 position-relative h-element">
                  <!---->
                  <div class="h-image__frame-container-outer">
                    <div class="h-image__frame-container">
                      <!---->
                      <!---->
                      <img loading="lazy" decoding="async" width="1708" height="1707" src="http://francoisedoz-psychotherapie.fr/wp-content/uploads/2020/12/cropped-photo-fleurs-de-cerisier-scaled-2.jpg" class="wp-image-322 style-292-image style-local-310-c7-image" alt="" srcset="https://francoisedoz-psychotherapie.fr/wp-content/uploads/2020/12/cropped-photo-fleurs-de-cerisier-scaled-2.jpg 1708w, https://francoisedoz-psychotherapie.fr/wp-content/uploads/2020/12/cropped-photo-fleurs-de-cerisier-scaled-2-300x300.jpg 300w, https://francoisedoz-psychotherapie.fr/wp-content/uploads/2020/12/cropped-photo-fleurs-de-cerisier-scaled-2-1024x1024.jpg 1024w, https://francoisedoz-psychotherapie.fr/wp-content/uploads/2020/12/cropped-photo-fleurs-de-cerisier-scaled-2-150x150.jpg 150w, https://francoisedoz-psychotherapie.fr/wp-content/uploads/2020/12/cropped-photo-fleurs-de-cerisier-scaled-2-768x768.jpg 768w, https://francoisedoz-psychotherapie.fr/wp-content/uploads/2020/12/cropped-photo-fleurs-de-cerisier-scaled-2-1536x1536.jpg 1536w" sizes="auto, (max-width: 1708px) 100vw, 1708px" />
                      <div class="h-image__frame h-hide-lg h-hide-md h-hide-sm style-292-frameImage style-local-310-c7-frameImage"></div>
                    </div>
                  </div>
                </div>
              </div>
            </div>
          </div>
          <div class="h-column h-column-container d-flex h-col-lg-auto h-col-md-auto h-col-auto style-297-outer style-local-310-c8-outer">
            <div data-colibri-id="310-c8" class="d-flex h-flex-basis h-column__inner h-px-lg-2 h-px-md-2 h-px-2 v-inner-lg-2 v-inner-md-2 v-inner-2 style-297 style-local-310-c8 position-relative">
              <!---->
              <!---->
              <div class="w-100 h-y-container h-column__content h-column__v-align flex-basis-100 align-self-lg-start align-self-md-start align-self-start">
                <!---->
                <div data-colibri-id="310-c9" class="d-flex align-items-center text-lg-center text-md-center text-center justify-content-lg-center justify-content-md-center justify-content-center style-298 style-local-310-c9 position-relative h-element">
                  <!---->
                  <a rel="home" href="https://francoisedoz-psychotherapie.fr/" h-use-smooth-scroll="true" class="d-flex align-items-center"><span class="h-logo__text h-logo__text_h logo-text d-inline-block style-298-text style-local-310-c9-text">Françoise Doz gestalt thérapeute, Cabinet de psychothérapie, individuel-groupe</span></a>
                </div>
              </div>
            </div>
          </div>
        </div>
      </div>
    </div>
  </div>
  <div data-colibri-component="section" data-colibri-id="310-c10" id="custom" class="h-section h-section-global-spacing d-flex align-items-lg-center align-items-md-center align-items-center style-293 style-local-310-c10 position-relative">
    <!---->
    <!---->
    <div class="h-section-grid-container h-section-boxed-container">
      <!---->
      <div data-colibri-id="310-c11" class="h-row-container gutters-row-lg-2 gutters-row-md-2 gutters-row-0 gutters-row-v-lg-2 gutters-row-v-md-2 gutters-row-v-2 style-294 style-local-310-c11 position-relative">
        <!---->
        <div class="h-row justify-content-lg-center justify-content-md-center justify-content-center align-items-lg-stretch align-items-md-stretch align-items-stretch gutters-col-lg-2 gutters-col-md-2 gutters-col-0 gutters-col-v-lg-2 gutters-col-v-md-2 gutters-col-v-2">
          <!---->
          <div class="h-column h-column-container d-flex h-col-lg-auto h-col-md-auto h-col-auto style-295-outer style-local-310-c12-outer">
            <div data-colibri-id="310-c12" class="d-flex h-flex-basis h-column__inner h-ui-empty-state-container h-px-lg-2 h-px-md-2 h-px-2 v-inner-lg-2 v-inner-md-2 v-inner-2 style-295 style-local-310-c12 position-relative">
              <!---->
              <!---->
              <div class="w-100 h-y-container h-column__content h-column__v-align flex-basis-100">
                <!---->
              </div>
            </div>
          </div>
          <div class="h-column h-column-container d-flex h-col-lg-auto h-col-md-auto h-col-auto style-296-outer style-local-310-c13-outer">
            <div data-colibri-id="310-c13" class="d-flex h-flex-basis h-column__inner h-ui-empty-state-container h-px-lg-2 h-px-md-2 h-px-2 v-inner-lg-2 v-inner-md-2 v-inner-2 style-296 style-local-310-c13 position-relative">
              <!---->
              <!---->
              <div class="w-100 h-y-container h-column__content h-column__v-align flex-basis-100">
                <!---->
              </div>
            </div>
          </div>
        </div>
      </div>
    </div>
  </div>
</div>

<p>Mes références et formations&nbsp;: -Psychothérapie personnelle longue et approfondie, psychothérapie de groupe. -Formation (théorique, méthodologique et pratique) de 6 ans à la Gestalt Thérapie par l’institut Grefor de Grenoble, (affilié à l’Affop ). -Engagement dans une supervision permanente. -Engagement dans la formation continue. -Affiliation à une organisation professionnelle dotée d’une commission et d’un code d&rsquo;éthique [&hellip;]</p>
