{"id":28,"date":"2020-12-06T17:37:38","date_gmt":"2020-12-06T16:37:38","guid":{"rendered":"http:\/\/francoisedoz-psychotherapie.fr\/?page_id=28"},"modified":"2025-10-29T07:17:30","modified_gmt":"2025-10-29T06:17:30","slug":"colibri-wp","status":"publish","type":"page","link":"https:\/\/francoisedoz-psychotherapie.fr\/","title":{"rendered":"Front Page"},"content":{"rendered":"<div data-colibri-id=\"28-c1\" class=\"style-201 style-local-28-c1 position-relative\">\n  <!---->\n  <div data-colibri-component=\"section\" data-colibri-id=\"28-c2\" id=\"about\" class=\"h-section h-section-global-spacing d-flex align-items-lg-start align-items-md-start align-items-end style-345 style-local-28-c2 position-relative\">\n    <!---->\n    <!---->\n    <div class=\"h-section-grid-container h-section-boxed-container\">\n      <!---->\n      <div data-colibri-id=\"28-c3\" class=\"h-row-container gutters-row-lg-1 gutters-row-md-1 gutters-row-0 gutters-row-v-lg-1 gutters-row-v-md-1 gutters-row-v-1 style-420 style-local-28-c3 position-relative\">\n        <!---->\n        <div class=\"h-row justify-content-lg-center justify-content-md-center justify-content-center align-items-lg-stretch align-items-md-stretch align-items-stretch gutters-col-lg-1 gutters-col-md-1 gutters-col-0 gutters-col-v-lg-1 gutters-col-v-md-1 gutters-col-v-1\">\n          <!---->\n          <div class=\"h-column h-column-container d-flex h-col-lg-6 h-col-md-6 h-col-12 style-421-outer style-local-28-c4-outer\">\n            <div data-colibri-id=\"28-c4\" class=\"d-flex h-flex-basis h-column__inner h-px-lg-0 h-px-md-0 h-px-0 v-inner-lg-3 v-inner-md-3 v-inner-3 style-421 style-local-28-c4 position-relative\">\n              <!---->\n              <!---->\n              <div class=\"w-100 h-y-container h-column__content h-column__v-align flex-basis-100 align-self-lg-start align-self-md-start align-self-start\">\n                <!---->\n                <div data-colibri-id=\"28-c5\" class=\"d-block style-480 style-local-28-c5 position-relative h-element\">\n                  <!---->\n                  <div class=\"h-image__frame-container-outer\">\n                    <div class=\"h-image__frame-container\">\n                      <!---->\n                      <!---->\n                      <img loading=\"lazy\" decoding=\"async\" width=\"1836\" height=\"2473\" src=\"http:\/\/francoisedoz-psychotherapie.fr\/wp-content\/uploads\/2025\/10\/cropped-riviere-scaled-1.png\" class=\"wp-image-1627 style-480-image style-local-28-c5-image\" alt=\"\" srcset=\"https:\/\/francoisedoz-psychotherapie.fr\/wp-content\/uploads\/2025\/10\/cropped-riviere-scaled-1.png 1836w, https:\/\/francoisedoz-psychotherapie.fr\/wp-content\/uploads\/2025\/10\/cropped-riviere-scaled-1-223x300.png 223w, https:\/\/francoisedoz-psychotherapie.fr\/wp-content\/uploads\/2025\/10\/cropped-riviere-scaled-1-760x1024.png 760w, https:\/\/francoisedoz-psychotherapie.fr\/wp-content\/uploads\/2025\/10\/cropped-riviere-scaled-1-768x1034.png 768w, https:\/\/francoisedoz-psychotherapie.fr\/wp-content\/uploads\/2025\/10\/cropped-riviere-scaled-1-1140x1536.png 1140w, https:\/\/francoisedoz-psychotherapie.fr\/wp-content\/uploads\/2025\/10\/cropped-riviere-scaled-1-1520x2048.png 1520w\" sizes=\"auto, (max-width: 1836px) 100vw, 1836px\" \/>\n                      <div class=\"h-image__frame h-hide-lg h-hide-md h-hide-sm style-480-frameImage style-local-28-c5-frameImage\"><\/div>\n                    <\/div>\n                  <\/div>\n                <\/div>\n              <\/div>\n            <\/div>\n          <\/div>\n          <div class=\"h-column h-column-container d-flex h-col-lg-6 h-col-md-6 h-col-12 style-479-outer style-local-28-c6-outer\">\n            <div data-colibri-id=\"28-c6\" class=\"d-flex h-flex-basis h-column__inner h-px-lg-2 h-px-md-2 h-px-2 v-inner-lg-2 v-inner-md-2 v-inner-2 style-479 style-local-28-c6 position-relative\">\n              <!---->\n              <!---->\n              <div class=\"w-100 h-y-container h-column__content h-column__v-align flex-basis-100 align-self-lg-start align-self-md-start align-self-start\">\n                <!---->\n                <div data-colibri-id=\"28-c7\" class=\"h-global-transition-all h-heading style-349 style-local-28-c7 position-relative h-element\">\n                  <!---->\n                  <div class=\"h-heading__outer style-349 style-local-28-c7\">\n                    <!---->\n                    <!---->\n                    <h1 class=\"\">Bienvenue,\n                      <br>\n                      <br>Vous trouverez sur ce site des informations sur ma pratique et des r\u00e9f\u00e9rences concernant le travail que je vous propose.\n                      <br>\n                      <br> Ce n\u2019est pas exhaustif et cela ne pourrait remplacer une premi\u00e8re rencontre ..\n                      <br>\n                      <br>A quelle occasion entamer une th\u00e9rapie&nbsp;?\n                      <br>\n                      <br>Quelques exemples&nbsp;:\n                      <br>\n                      <br>-En cas de difficult\u00e9 relationnelles au sein de votre famille, de votre couple, ou dans votre travail\n                      <br>-Parce que vous trouvez que vous tournez en rond, que vous semblez pris dans des situations r\u00e9p\u00e9titives\n                      <br>-Vous avez besoin de soutien dans une p\u00e9riode particuli\u00e8rement difficile et douloureuse, parce que la souffrance est trop forte&nbsp;: s\u00e9paration, deuil, maladie \u2026\n                      <br>-Lorsque les blessures de l\u2019enfance rejaillissent brutalement et nous laissent d\u00e9sempar\u00e9s\n                      <br>-Pour explorer des difficult\u00e9s existentielles, pour avancer dans la vie et vivre plus en accord avec vous-m\u00eame et votre environnement, dans un d\u00e9sir de croissance et d\u2019\u00e9veil de la conscience\n                      <br>-Lorsque tout semble aller bien mais\u2026.\n                      <br>&#8211; \u2026\n                      <br>\n                      <br>Alors, le premier pas \u00e0 faire, c\u2019est peut-\u00eatre d\u2019accepter d\u2019\u00eatre accompagn\u00e9 sur son chemin, dans son intimit\u00e9.\n                      <br>\n                      <br>Bienvenue dans ce voyage\u2026.\n                      <br>\n                      <br>Mon approche de la psychoth\u00e9rapie est la Gestalt th\u00e9rapie, elle nous invite \u00e0 porter toute notre attention sur ce qui se passe ici et maintenant. C\u2019est une th\u00e9rapie relationnelle dans laquelle l\u2019inter- action patient th\u00e9rapeute est\n                      au centre de la relation, et dans laquelle le th\u00e9rapeute s\u2019implique.\n                      <br>\n                      <br>-Accompagnement individuel.\n                      <br>\n                      <br>-Groupe continu mensuel.\n                      <br>\n                      <br>-Groupe de th\u00e9rapie \u00e0 th\u00e8me.\n                      <br>\n                      <br>\n                    <\/h1>\n                  <\/div>\n                <\/div>\n              <\/div>\n            <\/div>\n          <\/div>\n        <\/div>\n      <\/div>\n      <div data-colibri-id=\"28-c8\" class=\"h-row-container gutters-row-lg-3 gutters-row-md-3 gutters-row-0 gutters-row-v-lg-3 gutters-row-v-md-3 gutters-row-v-3 style-346 style-local-28-c8 position-relative\">\n        <!---->\n        <div class=\"h-row justify-content-lg-center justify-content-md-center justify-content-center align-items-lg-start align-items-md-start align-items-start gutters-col-lg-3 gutters-col-md-3 gutters-col-0 gutters-col-v-lg-3 gutters-col-v-md-3 gutters-col-v-3\">\n          <!---->\n          <div class=\"h-column h-column-container d-flex h-col-lg-auto h-col-md-auto h-col-auto align-self-lg-start align-self-md-start align-self-start style-445-outer style-local-28-c9-outer\">\n            <div data-colibri-id=\"28-c9\" class=\"d-flex h-flex-basis h-column__inner h-px-lg-0 h-px-md-0 h-px-0 v-inner-lg-3 v-inner-md-3 v-inner-3 style-445 style-local-28-c9 position-relative\">\n              <!---->\n              <!---->\n              <div class=\"w-100 h-y-container h-column__content h-column__v-align flex-basis-100 align-self-lg-start align-self-md-start align-self-start\">\n                <!---->\n                <div data-colibri-id=\"28-c10\" class=\"h-text h-text-component style-446 style-local-28-c10 position-relative h-element\">\n                  <!---->\n                  <!---->\n                  <div class=\"\">\n                    <p>\u00ab\u00a0Que la force me soit donn\u00e9e de supporter ce qui ne peut \u00eatre chang\u00e9 et le courage de changer ce qui peut l&rsquo;\u00eatre, mais aussi la sagesse de distinguer l&rsquo;un de l&rsquo;autre.\u00a0\u00bb Marc Aur\u00e8le<\/p>\n                  <\/div>\n                <\/div>\n              <\/div>\n            <\/div>\n          <\/div>\n        <\/div>\n      <\/div>\n      <div data-colibri-id=\"28-c11\" class=\"h-row-container gutters-row-lg-0 gutters-row-md-0 gutters-row-0 gutters-row-v-lg-0 gutters-row-v-md-0 gutters-row-v-0 style-359 style-local-28-c11 position-relative\">\n        <!---->\n        <div class=\"h-row justify-content-lg-start justify-content-md-start justify-content-start align-items-lg-end align-items-md-end align-items-end gutters-col-lg-0 gutters-col-md-0 gutters-col-0 gutters-col-v-lg-0 gutters-col-v-md-0 gutters-col-v-0\">\n          <!---->\n          <div class=\"h-column h-column-container d-flex h-col-lg-auto h-col-md-auto h-col-auto align-self-lg-end align-self-md-end align-self-end style-423-outer style-local-28-c12-outer\">\n            <div data-colibri-id=\"28-c12\" class=\"d-flex h-flex-basis h-column__inner h-ui-empty-state-container h-px-lg-0 h-px-md-0 h-px-0 v-inner-lg-0 v-inner-md-0 v-inner-0 style-423 style-local-28-c12 position-relative\">\n              <!---->\n              <!---->\n              <div class=\"w-100 h-y-container h-column__content h-column__v-align flex-basis-100\">\n                <!---->\n              <\/div>\n            <\/div>\n          <\/div>\n        <\/div>\n      <\/div>\n    <\/div>\n  <\/div>\n  <div data-colibri-component=\"section\" data-colibri-id=\"28-c17\" id=\"custom\" class=\"h-section h-section-global-spacing d-flex align-items-lg-center align-items-md-center align-items-center style-475 style-local-28-c17 position-relative\">\n    <!---->\n    <!---->\n    <div class=\"h-section-grid-container h-section-boxed-container\">\n      <!---->\n      <div data-colibri-id=\"28-c18\" class=\"h-row-container gutters-row-lg-2 gutters-row-md-2 gutters-row-0 gutters-row-v-lg-2 gutters-row-v-md-2 gutters-row-v-2 style-476 style-local-28-c18 position-relative\">\n        <!---->\n        <div class=\"h-row justify-content-lg-center justify-content-md-center justify-content-center align-items-lg-stretch align-items-md-stretch align-items-stretch gutters-col-lg-2 gutters-col-md-2 gutters-col-0 gutters-col-v-lg-2 gutters-col-v-md-2 gutters-col-v-2\">\n          <!---->\n          <div class=\"h-column h-column-container d-flex h-col-lg-auto h-col-md-auto h-col-auto style-477-outer style-local-28-c19-outer\">\n            <div data-colibri-id=\"28-c19\" class=\"d-flex h-flex-basis h-column__inner h-ui-empty-state-container h-px-lg-2 h-px-md-2 h-px-2 v-inner-lg-2 v-inner-md-2 v-inner-2 style-477 style-local-28-c19 position-relative\">\n              <!---->\n              <!---->\n              <div class=\"w-100 h-y-container h-column__content h-column__v-align flex-basis-100\">\n                <!---->\n              <\/div>\n            <\/div>\n          <\/div>\n          <div class=\"h-column h-column-container d-flex h-col-lg-auto h-col-md-auto h-col-auto style-478-outer style-local-28-c20-outer\">\n            <div data-colibri-id=\"28-c20\" class=\"d-flex h-flex-basis h-column__inner h-ui-empty-state-container h-px-lg-2 h-px-md-2 h-px-2 v-inner-lg-2 v-inner-md-2 v-inner-2 style-478 style-local-28-c20 position-relative\">\n              <!---->\n              <!---->\n              <div class=\"w-100 h-y-container h-column__content h-column__v-align flex-basis-100\">\n                <!---->\n              <\/div>\n            <\/div>\n          <\/div>\n        <\/div>\n      <\/div>\n    <\/div>\n  <\/div>\n<\/div>","protected":false},"excerpt":{"rendered":"<p>Bienvenue, Vous trouverez sur ce site des informations sur ma pratique et des r\u00e9f\u00e9rences concernant le travail que je vous propose. Ce n\u2019est pas exhaustif et cela ne pourrait remplacer une premi\u00e8re rencontre .. A quelle occasion entamer une th\u00e9rapie&nbsp;? Quelques exemples&nbsp;: -En cas de difficult\u00e9 relationnelles au sein de votre famille, de votre couple, [&hellip;]<\/p>\n","protected":false},"author":1,"featured_media":0,"parent":0,"menu_order":0,"comment_status":"closed","ping_status":"closed","template":"page-templates\/homepage.php","meta":{"footnotes":""},"class_list":["post-28","page","type-page","status-publish","hentry"],"_links":{"self":[{"href":"https:\/\/francoisedoz-psychotherapie.fr\/index.php?rest_route=\/wp\/v2\/pages\/28","targetHints":{"allow":["GET"]}}],"collection":[{"href":"https:\/\/francoisedoz-psychotherapie.fr\/index.php?rest_route=\/wp\/v2\/pages"}],"about":[{"href":"https:\/\/francoisedoz-psychotherapie.fr\/index.php?rest_route=\/wp\/v2\/types\/page"}],"author":[{"embeddable":true,"href":"https:\/\/francoisedoz-psychotherapie.fr\/index.php?rest_route=\/wp\/v2\/users\/1"}],"replies":[{"embeddable":true,"href":"https:\/\/francoisedoz-psychotherapie.fr\/index.php?rest_route=%2Fwp%2Fv2%2Fcomments&post=28"}],"version-history":[{"count":20,"href":"https:\/\/francoisedoz-psychotherapie.fr\/index.php?rest_route=\/wp\/v2\/pages\/28\/revisions"}],"predecessor-version":[{"id":1724,"href":"https:\/\/francoisedoz-psychotherapie.fr\/index.php?rest_route=\/wp\/v2\/pages\/28\/revisions\/1724"}],"wp:attachment":[{"href":"https:\/\/francoisedoz-psychotherapie.fr\/index.php?rest_route=%2Fwp%2Fv2%2Fmedia&parent=28"}],"curies":[{"name":"wp","href":"https:\/\/api.w.org\/{rel}","templated":true}]}}